 i. Give z(-1).
-5
Suppose 6 - 15 = -j. Suppose 0 = -d - 2*d + j. Let g(v) = v - 2. Determine g(d).
1
Let f(a) be the second derivative of a**6/360 - a**5/20 - 5*a**4/24 - a**3/3 - a. Let l(t) be the second derivative of f(t). Give l(6).
-5
Let l(p) = p**3 + p**2 - p - 3. Let d be 60/25 + 2/(-5). Suppose d*y + 4 = 2*m, -4*y = -m + 3*m + 8. What is l(m)?
-3
Suppose u - 19 = 3*c, 0 = -u - 0*u + 4*c + 24. Let f(r) = -2*r**2 + 5*r - 5. Calculate f(u).
-17
Let d(r) = -r**2 + 2*r - 4. Let t(f) = -f**2 - 5*f + 7. Let p be t(-7). Let q(h) = -h**2 - 6*h + 10. Let j be q(p). Calculate d(j).
-7
Let c(v) = v**2 - 6*v + 5. Let o(y) = 2 + 2*y**2 + 0 + y - 3 - 5*y. Let w be o(3). Calculate c(w).
0
Let s(m) be the third derivative of 0 + 0*m - 1/24*m**4 + 6*m**2 - 1/6*m**3 - 1/60*m**5. Let g(x) = -x**2 + 6*x - 3. Let o be g(6). What is s(o)?
-7
Let j(a) be the first derivative of -a**4/4 - 2*a**3/3 + 5*a**2/2 + 4*a + 2. What is j(-3)?
-2
Suppose 5*n - 3 = -2*k + 1, 2*k + 2*n - 4 = 0. Let b(y) be the second derivative of 1/20*y**5 - 5/6*y**3 - y - 3/2*y**k + 0 + 1/4*y**4. Determine b(-4).
1
Let q(g) = g**3 - 1. Let p be q(-3). Let r be (-6)/(-4)*p/(-21). Let n(j) = j**2 + j. Calculate n(r).
6
Let x(w) = w. Let v(y) = -12*y. Let h(f) = 2*v(f) + 30*x(f). Suppose -2*d - 2*s + 20 = 3*s, 5*d - 20 = -5*s. Let o = 1 + d. What is h(o)?
6
Suppose -3*n = -7*n - 8. Let v(f) = 3*f + 2*f**2 + 1 + 0*f + f**3 + 0*f**2. What is v(n)?
-5
Suppose -3*b + 56 = y, -2*y + 0*y - 28 = -b. Let n(a) = b - a - 20. Give n(-2).
2
Let l(f) be the second derivative of -5*f + 0 - 1/2*f**2 - 1/12*f**4 + f**3. What is l(4)?
7
Let a(r) = -r**3 - 4*r**2 + 5*r - 5. Suppose 2*l = 5*x + 35 + 5, 0 = -l + 4*x + 20. Suppose 0*h - l = 4*h. Calculate a(h).
-5
Let s(q) be the second derivative of q**8/6720 + q**7/630 + q**6/360 + q**5/30 + q**4/6 - 7*q. Let n(t) be the third derivative of s(t). Calculate n(-4).
-4
Let p(b) be the first derivative of -b**3/2 + 3*b**2/2 + 2*b - 3. Let a(f) be the first derivative of p(f). Give a(2).
-3
Let j(y) = -4 - 4*y**3 - y - 3*y**3 + 0*y**2 - 4*y**2 + 6*y**3. Calculate j(-4).
0
Let z(g) be the third derivative of g**4/24 - 44*g**2. Calculate z(6).
6
Let b(n) = n**2 + n. Let q be b(-3). Let w(m) be the third derivative of m**6/120 - m**5/10 + 7*m**3/6 - 3*m**2. Determine w(q).
7
Let s be (4/1)/(2/8). Suppose -s = 5*l - 2*z, -4*l + 3*l + 2*z = 8. Let r(a) = -a**3 - a**2 + 3*a + 3. What is r(l)?
1
Let m(u) = -2*u**2 + 4*u - 2. Suppose q + q = -2*z + 6, 0 = -3*q - 5*z + 15. Let c = q - -2. Calculate m(c).
-2
Let q(n) = -3*n**3 + n**2 + 2*n - 5. Let w(d) = -d**3 - 1. Suppose -2*x - 19 = -7. Let k(i) = x*w(i) + q(i). Calculate k(-1).
-3
Let b(t) be the second derivative of -t**5/60 + t**4/6 - t**3/6 + 2*t**2 - 3*t. Let y(a) be the first derivative of b(a). Determine y(4).
-1
Let g be -6*3/(1*-9). Let m be g/4 - 2/(-4). Let r = -1 - m. Let j(u) = u**2 + u. Calculate j(r).
2
Let t = 36 + -42. Let a(o) be the third derivative of -o**4/12 - o**3/2 - 2*o**2. What is a(t)?
9
Let v(n) = -6*n**2 - 2*n - 1. Let q be v(-1). Let f = q + 7. Let z(w) be the first derivative of w**3/3 - 3*w**2/2 - 2*w + 3. Determine z(f).
-4
Suppose -14 = -5*a + 11. Let f(o) = o**2 - 7*o + 10. Let b be f(a). Let v(s) = s**3 - s**2 - s - 4. Calculate v(b).
-4
Let t = -2 + -3. Let b(a) = -a**2 - 2*a + 9. Let w(n) = -3*n**2 - 6*n + 26. Let i(o) = 17*b(o) - 6*w(o). Determine i(t).
12
Suppose 10 = -3*n + 1. Let d(v) = -3*v - 7*v**3 + v**2 + 8*v**3 + 1 - 1. What is d(n)?
-9
Let l(d) = -d**3 + d**2 + d - 1. Let h(k) = -14*k**3 + 2*k**2 + 3*k - 2. Let v(g) = h(g) - 3*l(g). Calculate v(-1).
11
Let i(r) = -6*r**2 + 7*r + 15. Let q(t) = -7*t**2 + 8*t + 16. Let g(o) = 6*i(o) - 5*q(o). Calculate g(5).
-5
Let h(p) = -7*p - 16*p**2 + 29*p**2 + p**3 - 4 - 9*p**2 + 0*p**3. Calculate h(-5).
6
Suppose 3*g = 3*h - 30, 0*g + 4*h + 8 = -4*g. Let d be g/5 - (-1)/5. Let s(x) be the third derivative of x**5/15 - x**4/12 - x**3/6 - x**2. Determine s(d).
5
Let n(y) = -1. Let u(j) = j. Let p(k) = -n(k) + 2*u(k). Suppose -12 = -3*z, 2*h - z - 2 = z. Calculate p(h).
11
Let i(f) = -f**3 + 1. Let k = -5 - -4. Let l be i(k). Let g(x) = -x - 1. Determine g(l).
-3
Let p(u) = u**2 - 4*u + 1. Let x be p(5). Let b(w) = w**3 - 5*w**2 - 4*w - 4. Give b(x).
8
Let i(s) = s - 4. Let u = 1 + -4. Calculate i(u).
-7
Let f(s) = s - 4. Let u be f(9). Let c be ((-8)/10)/(1/u). Let w(h) = h**2 + 2*h - 3. Determine w(c).
5
Let t(l) = 9*l + 10. Let d(i) = -5*i - 5. Let a(p) = -7*d(p) - 4*t(p). Let g(o) be the second derivative of -o**3/6 - 5*o**2 - o. Let u be g(-5). Give a(u).
0
Suppose -10*u = -5*u - 15. Let h(q) be the second derivative of 0 + 1/12*q**4 - 3/2*q**2 - 1/2*q**3 - q. Calculate h(u).
-3
Let w(d) = -d**3 - 9*d**2 - 13. Suppose 0 = 3*t - 58 + 85. Calculate w(t).
-13
Let k = 4 + -5. Let j(c) be the first derivative of 4*c**2 + 1. Give j(k).
-8
Let z(v) = v**3 + 5*v**2 - 3*v + 8. Let m(c) = -15*c**2 + c. Let j be m(-1). Let f = j + 10. Calculate z(f).
-10
Let i(f) be the first derivative of -f**3/3 + 5*f**2/2 + 2. What is i(4)?
4
Let t(k) = k**3 - 3*k**2 - 4*k + 6. Let n = -6 + 10. Calculate t(n).
6
Let b(p) = -p**2 + 2. Suppose -3*g + 8 = 2. What is b(g)?
-2
Let s(y) = y**3 + 5*y**2 - 8*y - 12. Let d be s(-6). Let v(b) = b - 5. Calculate v(d).
-5
Let b(s) = s + 5. Let n = -16 + 8. Let f be b(n). Let t(k) = k**3 + 4*k**2 + 2*k + 1. What is t(f)?
4
Suppose -4 = -2*k + 2*z, -20 = -k - z - 4*z. Let p(w) be the third derivative of w**5/60 - w**4/6 - 2*w**2 - 6. Calculate p(k).
5
Let z be -9*1*4/(-18). Let p(m) be the second derivative of -1/6*m**3 + m + 1/12*m**4 + m**2 + 0. Determine p(z).
4
Let g(c) = 1044 - 4*c + 0*c**2 - 1044 + c**2. What is g(4)?
0
Let f(i) = -3*i**2 + 2*i - 6. Suppose 8 = 2*d - 6*d - 3*y, y + 4 = 0. Let k(o) = o + 0 - d - 4*o**2 + 0*o - 6. Let j(z) = 3*f(z) - 2*k(z). What is j(3)?
-1
Suppose -2*z = -9 - 1. Let j(l) = z*l - 3*l - 2*l + 1 + 5*l. Calculate j(2).
11
Let v(t) = t**2 - 4*t + 3. Let l(f) = -f - 3. Let g be l(-6). Calculate v(g).
0
Let m(x) = -x**3 - 2*x**2 + x - 3. Suppose 0*t = -3*t - 9. Calculate m(t).
3
Suppose 2*j + 43 = -0*j + 5*a, -4*j = 5*a + 11. Let w = 2 + j. Let t(c) = -c**2 - 7*c. What is t(w)?
0
Suppose t - 2*t - 5*m - 1 = 0, 0 = -5*t + 2*m - 5. Let b(c) = 11*c**2 + 2*c + 1. Give b(t).
10
Suppose 5*u = -4*a - 10, -3*a + 6 = -5*a - 2*u. Let z(h) be the third derivative of -h**6/120 - h**5/10 - h**4/4 - h**3 + h**2. Give z(a).
-1
Let a = -5 + 11. Let t = -4 + a. Suppose -5*s = 15, 5*s + 3 = -t*m + 5*m. Let y(b) = b**3 + 4*b**2 + b - 2. What is y(m)?
-6
Suppose 3*a + 2*a + 3*r = -21, -2*a + 2*r - 18 = 0. Let d be (a/9)/(2/(-9)). Let b(z) = 2 + 4 - 2 - d - 4*z. What is b(2)?
-7
Suppose -5 = -w + h, 3 = 2*w + 4*h + h. Let z(q) = -q**3 + 4*q**2 - 2*q + 3. Calculate z(w).
-5
Suppose 7*z - z = 12. Let c(t) = -z + t - 4 + 2. Let p = 0 + 2. Calculate c(p).
-2
Suppose u + 20 = -4*t, 10*u - 5*u = -4*t - 20. Let z = 1 + 5. Let s(d) = d - 2 + z - d**2 + 2*d**2 + 0*d. Give s(u).
4
Let z(o) be the third derivative of -o**4/6 - o**3/3 + 2*o**2. Suppose b = p - 3, -2*p + 4 = -5*b - 8. Give z(b).
6
Let c(v) = 9*v + 5 - 6*v + 1. Suppose 2*a = -4 + 10. Let f be (-2)/a - (-10)/(-3). Give c(f).
-6
Let m(v) = 14*v**3 + 14*v**2 + 3*v - 45. Let u(d) = -5*d**3 - 5*d**2 - d + 15. Let y(g) = 4*m(g) + 11*u(g). Give y(0).
-15
Let d(y) = 90*y**2 + 3*y. Let h(v) = 60*v**2 + 2*v. Let a(g) = 5*d(g) - 7*h(g). Give a(-1).
29
Let c(o) = o**3 + o**2 - o - 4. Suppose 0*p + 3*p - 2*k + 6 = 0, 0 = -4*p + 5*k - 15. Determine c(p).
-4
Suppose 4*g = -c + 12, -5*g - 6 = -4*c - 0*c. Let n(u) = 3*u**2 + 2*u - 3. Let x(b) = b**2 + b - 1. Let k(f) = -3*n(f) + 8*x(f). Give k(c).
-7
Suppose 2*s = -2*a - 6, 4*a = 4*s - 0*s + 4. Let g = -2 + a. Let f(w) = w + 3. Determine f(g).
0
Let j(u) = -10*u - 1. Let c = 8 - 9. Calculate j(c).
9
Let c(y) = -y - 1. Let l(i) = i**2 + 0*i**2 + 7 + 0 + 9*i. Let p be l(-8). Let f = -5 + p. Calculate c(f).
5
Let y(m) be the second derivative of m**4/12 + m**3/2 - 5*m**2/2 - m. Calculate y(-4).
-1
Let m(t) = -3*t + 0 - 3 + t**2 - 3*t**2 + 2. Calculate m(-2).
-3
Suppose 0 = 16*b - 4 - 60. Let y(u) = -u**3 + 5*u**2 + u - 5. Calculate y(b).
15
Let i(u) = -u**2 - 5*u + 2. Let t(x) = -5*x. Let c be t(1). Determine i(c).
2
Su